 + 2 = 2*c. What is the remainder when 13 is divided by q?
3
Suppose -2*o + 19 + 139 = 0. Calculate the remainder when o is divided by 20.
19
Let t = 43 - 22. Suppose -g + 6*g = 3*i - 241, -3*i + 242 = -4*g. Calculate the remainder when i is divided by t.
19
Let p(k) = -k**2 - 4*k + 3. Let q be p(-6). Let j = 50 + q. What is the remainder when j is divided by 14?
13
Calculate the remainder when 18 is divided by (-3)/6 + (-55)/(-10).
3
Suppose 7 = 6*g - 5*g. What is the remainder when 21 is divided by g?
0
Suppose 4*a - a - 93 = 0. What is the remainder when a is divided by 8?
7
Suppose 3*n - 20 = 4. Let z = -6 + 10. Suppose -z*y - u = -19, -2*y - 5*u + 5 = -0*u. Calculate the remainder when n is divided by y.
3
Let k(b) = -b**3 + 16*b**2 - 15*b + 7. What is the remainder when 27 is divided by k(15)?
6
Let s(i) = -i**3 - 9*i**2 - 2*i + 8. Let z be s(-9). Suppose -a + z = -19. Calculate the remainder when a is divided by 12.
9
Suppose 0 = -0*m - m. Suppose -4*l + 76 = -m. Suppose l = g - 0*g. Calculate the remainder when g is divided by 10.
9
Suppose 5*s = 22 + 13. Let k(z) = -30*z**3 - z**2 + z. Let w be k(2). Calculate the remainder when 50 is divided by (-2)/s + w/(-14).
16
Let t(j) = -j**3 - 7*j**2 + j + 10. Let k be t(-7). Suppose k*i - 5*i = -104. What is the remainder when i is divided by 18?
16
Suppose p = 6*p - 225. What is the remainder when p is divided by 24?
21
Suppose 3*m + 4*z = 44, -m + z + 37 = 13. What is the remainder when m is divided by 7?
6
Suppose 0 = 128*c - 126*c - 52. Calculate the remainder when 259 is divided by c.
25
Suppose i + 0*i - 14 = 0. What is the remainder when ((-5)/(-2))/((-1)/(-10)) is divided by i?
11
Let h(o) = -17*o + 1. Let i(d) = -d. Let f(x) = -h(x) - 4*i(x). Calculate the remainder when f(2) is divided by 1/(0 - 2/(-42)).
20
Let j = -3 - -8. Suppose d - 26 = -d - 2*b, -j*d + 5*b + 35 = 0. What is the remainder when d is divided by 4?
2
Let x(p) = -p**2 + p - 1. Let u(z) = -3*z**2 - 5*z - 7. Let f(n) = -u(n) + 4*x(n). What is the remainder when 32 is divided by f(8)?
10
Let k(q) = 3*q**2 - 9*q - 9. Let u(g) = g**2 - 5*g - 4. Let s(x) = -2*k(x) + 5*u(x). What is the remainder when s(-6) is divided by 3?
1
Let h = 283 + -278. What is the remainder when 2/(-2) - (-21 - -2) is divided by h?
3
Suppose -3*m = 5*h - 48, 29 = -4*m - 5*h + 98. What is the remainder when m is divided by 3?
0
Let z be 36/10 - 6/(-15). Suppose 5*f + 5*p - 40 = 0, -z*f + 3*p - 4 = -5*f. Calculate the remainder when f is divided by 4.
2
Suppose 5*z + 2*y - 8 = 0, 0 = -3*z + 3*y - 0*y + 9. Let j = z - -1. Calculate the remainder when 9 is divided by j.
0
Let p(d) = d**2 - 2*d. Let a be p(2). Suppose 4*o - 248 = -a*o. Suppose 4*y = 8, 2*y + 2*y = -2*c + o. What is the remainder when c is divided by 10?
7
Let s(v) = 8*v + 7. What is the remainder when s(4) is divided by 10?
9
Suppose 2*o = -4*u - 0*u - 34, 3*o = -5*u - 48. Let w = o - -25. Suppose -3*i = -1 - w. Calculate the remainder when 8 is divided by i.
3
Suppose -3*v - 85 = -8*v. Calculate the remainder when v is divided by (-4)/(-18) - (-158)/18.
8
Suppose 6 = 4*k + 2. Let h(p) = 6*p**3 + p**2 - 2*p + 1. What is the remainder when 17 is divided by h(k)?
5
Suppose 159 = 2*l + 5*x, -4*x + x - 63 = -l. Suppose -4*u + 20 = -l. Suppose 12 = -4*w + 5*w. Calculate the remainder when u is divided by w.
11
Suppose 4*p = 5*r - 0*r + 1, -5*p = r - 23. What is the remainder when 0 + (10 - 3) + 3 is divided by r?
1
Suppose 2*p + 7 + 1 = 0. Let c(t) = -t**3 - 3*t**2 - 3. Calculate the remainder when c(p) is divided by 7.
6
Suppose 0*w - 5*w - 440 = 0. Let u = 18 - w. Let l = -50 + u. What is the remainder when l is divided by 19?
18
Let t = -6 - -12. Let x be 3*(302/t + 1). What is the remainder when 36 is divided by x/12 + 5/30?
10
Let f(o) = -o**2 + 4*o + 5. Suppose 5*d - 12 = 13. Let i be f(d). Suppose i = 3*p - 9 - 6. What is the remainder when 13 is divided by p?
3
Suppose 3*v - 63 = -3*y + v, -4*v = -3*y + 63. Suppose -4*i = -i - y. What is the remainder when i is divided by 3?
1
Suppose 15 = 3*s, s + 0*s = -t + 10. Suppose -t*j + 13 = 3. What is the remainder when (24/2)/(j + -1) is divided by 7?
5
Let z = 127 + -100. Calculate the remainder when 133 is divided by z.
25
Let y(r) = -9*r + 3. What is the remainder when y(-4) is divided by 10?
9
Let x(h) = -2*h - 4. Let t be -17*((-2)/2 + 0). Suppose 0 = -v - 4*y + 13, 4*v - t = 3*y - 3. Calculate the remainder when v is divided by x(-3).
1
Let u(h) = h**3 - 6*h**2 - h + 8. Let b be u(6). Suppose -3*y = -7 - b. Calculate the remainder when 6 is divided by y.
0
Let m = -13 - -26. Let p = -42 + 49. What is the remainder when m is divided by p?
6
Let l(r) = -5*r + 21. What is the remainder when 5 is divided by l(4)?
0
Let v = 1 - -30. Calculate the remainder when v is divided by 8.
7
Suppose 3*h = -o - 7 + 22, -4*h + 4*o + 36 = 0. Suppose 0 = w - h*w. Suppose 2*p - 7*p + 140 = w. Calculate the remainder when p is divided by 10.
8
Let o be (-6 + 3)*(-46)/(-3). Let t = o - -86. Calculate the remainder when t is divided by 21.
19
Suppose y = -2*y + 12. Suppose 30 = -4*q + 3*u - 38, y*q + 44 = -3*u. Let i = 23 + q. Calculate the remainder when 16 is divided by i.
7
Let o be 5 - 7 - 8/(-2). Suppose -o = 4*j - 34. What is the remainder when 29 is divided by j?
5
Let o(b) = -b + 25. Let w = 14 + -3. Calculate the remainder when 25 is divided by o(w).
11
Let d(j) = -6*j**3 - 8*j**2 - 4*j - 5. Let w(p) = 7*p**3 + 9*p**2 + 5*p + 5. Let n(c) = 6*d(c) + 5*w(c). Calculate the remainder when 19 is divided by n(-4).
5
Let k = -2 - -4. Let q = 0 - -7. Let w(f) = -f**2 + 8*f - 5. Calculate the remainder when k is divided by w(q).
0
Let d(t) = 3*t - 2. Let n be d(4). Let m be (-4)/n - (-6)/(-10). What is the remainder when (m + -4)*36/(-10) is divided by 10?
8
Let w(a) = 7*a + 18. Calculate the remainder when w(4) is divided by 12.
10
Let w be -2*18/4 - 1. Let o = 19 + w. What is the remainder when o is divided by 5?
4
Let g(z) = z**2 + z + 1. Let d(t) = -5*t**2 - 13*t - 3. Let i(f) = d(f) + 4*g(f). What is the remainder when 16 is divided by i(-8)?
7
Let f(l) be the first derivative of l**4/4 - l**3 - 7*l**2/2 - l - 1. Let z(s) = -2*s - 27. What is the remainder when f(5) is divided by z(-16)?
4
Suppose 2*w - 106 - 80 = 0. What is the remainder when w is divided by 19?
17
Let r(a) = 2*a**2 - 4*a - 4. Let i(v) = -5*v + 351. Calculate the remainder when i(61) is divided by r(4).
10
Suppose 4*w = -4 + 16. Suppose -2*q + w*k + 43 = 0, -5*q - 3*k + 86 = -32. Calculate the remainder when 68 is divided by q.
22
Let o be 1/(-4) + (-1035)/(-12). Suppose -4*r - 5*a = 88, 4*r - a = -2 - o. Let f = 69 + r. What is the remainder when f is divided by 12?
11
Suppose -3*h + 38 = 5*c, -h + 3*c - c - 2 = 0. What is the remainder when 27 is divided by h?
3
Let q = 4 - 1. Suppose -5*x - q - 7 = 0. Let j(z) = 2*z**2 - z + 2. Calculate the remainder when j(x) is divided by 7.
5
Let f be 0/(1 - 8/4). Suppose f = -3*l + l + 144. What is the remainder when l is divided by 15?
12
Let b = 1 - -4. Calculate the remainder when 19 is divided by b.
4
Suppose s = -56 + 174. Calculate the remainder when s is divided by 30.
28
Let h(d) = d**2 - 5*d + 4. Let i be h(5). Let g be 6/4*(-2 + i). Suppose -11 = -2*x - 5*u - g, x + 4*u + 2 = 0. What is the remainder when 41 is divided by x?
13
Suppose 0 = -8*p + 4*p + a + 64, 0 = 2*p + a - 26. Let z = p - -8. Calculate the remainder when 43 is divided by z.
20
Suppose -n - 4*s = 4*n - 67, -4*n + 3*s = -35. Let m(q) = -q**3 + 9*q**2 + 10*q + 4. What is the remainder when n is divided by m(10)?
3
Suppose 58 = 2*x + 2*u, 3*u = -4*x + 2*u + 119. Calculate the remainder when x is divided by 8.
6
Let i(w) = w**3 + 8*w**2 - 2*w - 5. Let a = 10 - 16. Let u be i(a). Suppose -5*r - 24 + u = 0. Calculate the remainder when 21 is divided by r.
10
Let p be (-4)/(-14) + (-1148)/(-98). Suppose -w + p = 3*w. What is the remainder when 9 is divided by w?
0
Let v = -2 - -48. Suppose -4*k + 0*k + v = j, 3*j - 153 = 3*k. Let g = 14 - -3. What is the remainder when j is divided by g?
16
Let z(h) = h**2 + 3*h - 3. What is the remainder when z(-6) is divided by (-2)/10 + (-62)/(-10)?
3
Suppose -2*t = -t - 5. Suppose t*j - 8 = -3. What is the remainder when (4 - j)